e 0 = 3*d + 3*m - 339, 144*m - 467 = -4*d + 145*m. What is the greatest common divisor of d and 33408?
116
Suppose -2*l - 44 = -r, -5*l - 185 = -4*r - 6. Let f = 50 - r. Let u be (f*6/24)/((-2)/(-16)). Calculate the highest common divisor of 8 and u.
8
Suppose 5*p - 320 = 3*p + h, -3*h - 150 = -p. What is the highest common divisor of 1215 and p?
81
Suppose 3*d = -q + 132, 2*d - q = 3*d - 44. Suppose -d*s + 1904 = -1616. Calculate the greatest common factor of s and 30.
10
Suppose -6*b + 3*g + 8 = -4*b, 0 = b - 2*g - 5. Let z be ((-252)/(-16))/(9/(-24)). Let m be (-48)/z*(-14)/(-4). What is the highest common divisor of b and m?
1
Suppose v = 2*m + 3, 4*m - 11 - 4 = -5*v. Let g = 3288 + -3287. Suppose -x - g = j, -20 = -4*j - v*x + 5*x. Calculate the highest common divisor of j and 27.
3
Let q be -7 + 3 + 2 + 3 - -8. Let n(g) = 3*g**2 - 22*g + 21. Let o be n(q). Calculate the highest common divisor of 6 and o.
6
Let p be (-1)/2 - (-625)/2. Suppose -332*x = -328*x + 5*u - 141, -x = 4*u - 27. What is the greatest common divisor of p and x?
39
Let s be ((-20)/6)/(16/48 + -1). Let x(p) = -2*p**2 + 10*p + 7. Let d be x(s). Calculate the greatest common factor of 16 and d.
1
Suppose -3*u = -231 + 186. Let r(w) = 17 - 9 - 13 + w**3 + u*w**2 - 3 - 2*w. Let a be r(-15). What is the highest common factor of a and 2?
2
Suppose 5 = 5*c, x + 8 = -2*x + 5*c. Let i(u) = -14 - 25*u - 6 + 19. Let v be i(x). What is the highest common factor of 40 and v?
8
Let j(f) = -f. Let w be j(-3). Let x be 51 - (-3 + 18 + -12). What is the highest common divisor of x and w?
3
Suppose 5*r - 3*l = -325 + 2946, 0 = -2*l - 4. Let p = r + -521. What is the highest common divisor of p and 98?
2
Let z(d) = d**3 + d**2 + 3. Let v be z(-2). Let g(a) = 8*a**2 + a. Let k be g(v). Let f be 2 + (4/14 - 2/k). What is the greatest common factor of f and 22?
2
Suppose 0 = -3*p + 7*p - 36. Suppose 2 - 2 = -p*q. Suppose q = -4*s - 2*k - 2*k + 32, -3*s = k - 32. What is the highest common factor of 48 and s?
12
Let l(i) = i**3 + 4*i**2 - 5*i + 3. Let h be l(-5). Let f be h/(-2) + (-300)/(-24). Suppose -5*r = -591 + 96. What is the greatest common divisor of r and f?
11
Let g = 6 + -4. Suppose -z = -5*k + g*k + 372, 0 = -2*z. Suppose 4*x + x = 3*m - k, -3*x - 44 = -m. Calculate the highest common factor of 76 and m.
38
Let y = -5140 - -5174. Suppose 5*c + 346 - 1326 = 0. Suppose -3*r + 3*s + 165 = 0, 2*s = -3*r - r + c. What is the highest common factor of r and y?
17
Suppose 3*l + 5*y - 220 = 0, 3*y - 321 + 13 = -4*l. Calculate the highest common factor of l and 275.
5
Let r(q) = -q**3 - 3*q**2 - 54*q - 374. Let a be r(-6). What is the greatest common factor of a and 2726?
58
Let a be (-10)/((10/(-9))/5). Let m(p) = -2*p**2 - 7*p + 54. Let t be m(0). Suppose 0 = -5*i + 21 + t. Calculate the greatest common divisor of a and i.
15
Suppose -5*r + 1186 = -1439. Let q = r + -369. Calculate the greatest common factor of 12 and q.
12
Let t be (-7 + 1)/(1/(-6)). Suppose -14 = -3*v + 76. Let x = t - v. Calculate the greatest common factor of 4 and x.
2
Suppose 4*n = -2*c + 1996, 9*n + 949 = c + 4*n. What is the greatest common divisor of 240 and c?
24
Let y be (-3)/(-6) + -3 + (-1725)/(-10). Suppose 5*b + 6*k - 3*k = 38, -5*b - k + 46 = 0. What is the greatest common divisor of y and b?
10
Let h(f) = -4*f**3 - 2*f**2 + f - 1. Let r be h(-2). Suppose 296 = -61*v - 131. Let d be r/(-49) + (-738)/v. Calculate the highest common factor of d and 42.
21
Let l = -6457 - -6607. What is the highest common divisor of l and 3100?
50
Let h(s) = 4058*s + 92. Let a be h(4). Calculate the greatest common divisor of 616 and a.
308
Let i be (-2)/(-18) - (-1550)/225. Let a = -5 + 10. Suppose 0 = -i*z + a*z + 48. What is the highest common factor of 96 and z?
24
Let p be ((-35)/20)/((-1015)/340 + 3). Let v = 129 + p. What is the highest common factor of v and 30?
10
Let m = 480 + -481. Let h(y) = -34*y**3 + y**2 + 4*y + 2. Let p be h(m). What is the highest common divisor of p and 66?
33
Suppose -m - 9*m = 240. Let s be (512/m)/(-2 + 5/3). Let n = -56 + s. What is the highest common factor of n and 56?
8
Suppose -23*s = -1881 - 2351. Calculate the highest common divisor of s and 9752.
184
Suppose 9890 - 2927 = 18*d - 21765. What is the greatest common divisor of 912 and d?
228
Let t(m) = 11*m + 55. Let u be t(-5). Suppose -z - 4*h = -37, u = 5*h - 7 + 2. What is the highest common factor of 528 and z?
33
Let f be 10*(-8 + 16)*(-11)/(-4). Let j = 6 - -74. What is the highest common divisor of f and j?
20
Let l = 2033 - 2031. Let s = -5 + 15. Calculate the highest common divisor of l and s.
2
Let j(u) = -u**3 - 6*u**2 - u + 33. Let f be j(0). Let s be (-110)/15*99/(-2). Calculate the greatest common divisor of f and s.
33
Let g be (48/5)/(14/455). Suppose l - 60 = -2*f, 29*l - 156 = 27*l + 2*f. What is the highest common divisor of l and g?
24
Let x be ((-16850)/(-30))/(4/144). Calculate the greatest common divisor of x and 60.
60
Let h = -2964 - -3663. What is the greatest common divisor of 7922 and h?
233
Suppose -4*j + 31 = 3. Let w(n) = n**3 + 21*n**2 + 8*n + 3. Let s be w(-14). Suppose -j*y + s = 283. What is the highest common divisor of 35 and y?
35
Suppose -2239 = -105*v - 967 + 9753. Suppose -5*g + 4*z = -642, 0 = g - 3*z - z - 138. Calculate the highest common divisor of v and g.
21
Let p(i) = -i**2 - 20*i - 64. Let m be p(-16). Suppose 4*c - 3*d - 68 = 0, 5*c - 4*d - 25 - 61 = m. Calculate the greatest common factor of c and 4.
2
Suppose -3*j = -1322 + 866. Calculate the highest common divisor of j and 323.
19
Let q(y) = -y**3 - 2*y**2 - 22*y - 75. Let k be q(-3). Let a be (k - -406) + (-136)/(-17). Calculate the highest common factor of a and 46.
46
Suppose -128251 - 31826 = -48*p + 101619. Calculate the highest common divisor of 58 and p.
58
Let z(x) = 3*x**3 + 3*x**2 - 3*x - 20. Let v be z(5). Suppose 399 - 67 = 4*d. Calculate the greatest common factor of v and d.
83
Let y = -4 + 9. Suppose -6*v + 11*v = 10. Suppose -17*k + 300 = -v*k. Calculate the greatest common factor of y and k.
5
Let k = -60 - -75. Suppose 0*i - i = 275. Let v = 440 + i. What is the greatest common divisor of v and k?
15
Let w = -49 + 58. Let u be w/3*(-19)/(-3)*1. Let k be (2/(-6))/(6/(-342)). What is the highest common divisor of k and u?
19
Suppose -12371 = -83*n + 2577 + 3395. What is the greatest common divisor of 689 and n?
13
Let h be ((-665)/(-855))/(1/5571). Calculate the highest common divisor of h and 7.
7
Suppose 82*s - 330 = 72*s. Let u = 151 + -30. Calculate the highest common factor of s and u.
11
Suppose -26*l = -14*l - 72. Suppose 25 = 5*t - x, 0*t + t + 2*x = -l. Calculate the greatest common divisor of t and 8.
4
Let c(y) = -y**3 + 17*y**2 + 20*y - 46. Let f be c(18). Let n = -23 - -45. Let q = n + f. What is the greatest common factor of q and 156?
12
Suppose 2*s = -10*j + 6*j + 18, 0 = -5*j - 2*s + 24. Suppose 4*o = 80 + 76. Suppose -9*t + o = -15. What is the greatest common divisor of j and t?
6
Suppose 24326 = -61*m + 432*m - 85490. What is the highest common divisor of m and 2183?
37
Let x = -847 + 1243. Suppose 0 = -10*r + 32*r - x. What is the greatest common divisor of r and 81?
9
Suppose u - 137 = 654*x - 655*x, -4*u + 534 = -3*x. Calculate the highest common factor of u and 108.
27
Suppose -288 = -2*s - s. Suppose -s = -5*q + 104. Suppose 196 - 396 = -40*d. What is the greatest common divisor of q and d?
5
Let j be (-460)/69*1458/(-45). What is the greatest common divisor of 3744 and j?
72
Suppose 2*o - 499 + 28 = -j, 2*o - 3*j - 451 = 0. Let l = o - 114. Let i = 224 - l. What is the highest common divisor of i and 35?
35
Suppose 22 = 4*t - 2*r, t + 4*r + 2 = -6. Suppose w + t*w = 100. Let s be ((-22)/(-1))/(10/100). What is the highest common divisor of s and w?
20
Suppose 5*v - 10922 = o, -2*v - 2*o + 2180 = -v. What is the highest common factor of 42 and v?
42
Let b be 271 + -274 + 6*1. Suppose w - 4*w + 357 = -4*l, w - 2*l = 117. Calculate the greatest common factor of b and w.
3
Let d(h) = 2*h + 25. Let t be d(-11). Let c be (273/2)/(-7)*-2 - t. Let a be (-2 + c/10)/((-2)/(-60)). Calculate the highest common factor of a and 120.
24
Let p = 11166 + -10867. What is the greatest common divisor of